 + b**3 + 5*b**2 - 7. Determine t(k).
8
Let c(u) be the first derivative of -u**3/3 + 7*u**2/2 + 8*u + 4. What is c(7)?
8
Suppose -5*z + 0*v + 23 = -v, -4*v = 5*z - 33. Let i(u) = 3 - 4 - 2*u - 4*u**2 + u + u**3 - 5*u. Determine i(z).
-6
Let c(d) = 2*d - 52. Let z be c(23). Suppose -3*t - 2*t - 35 = 0. Let k = z - t. Let q(i) = -2*i**3 + i**2 - i + 1. What is q(k)?
-1
Let v be 4 - 4/(8/2). Let q be 10/v - 10/(-15). Let k(c) = -c + 1. Calculate k(q).
-3
Let m(x) = -x**2 + x - 7. Let v be -4 + -9 + 3 + 4. What is m(v)?
-49
Let f(q) = -3*q**2 + 14*q + 13. Let p(h) = 7*h**2 - 29*h - 24. Let y(x) = -5*f(x) - 2*p(x). Give y(12).
-17
Suppose 3*b - 41 - 238 = 0. Let a(r) = -r - 2 + b*r**2 - 185*r**2 - r**3 + 86*r**2. Give a(-6).
4
Let v be ((-2)/6)/(((-20)/84)/(-5)). Let r(m) = 2*m + 12. What is r(v)?
-2
Let x(u) = u**3 - 8*u**2 + 13*u. Let h be x(6). Let t(z) = -5*z**2 - 12*z**2 + z**3 + 5 + h*z + 0 + 21*z**2. Give t(-4).
-19
Let j = 8 - 13. Suppose 4*k - 19 = -3*f + 2*k, 15 = 5*f - 5*k. Let h(q) = -10*q**2 - q + 4 + f*q**2 - 5*q + 4*q**2. Give h(j).
9
Let k = -742 + 743. Let z(t) = 4*t**3 - 3*t**3 + t**3 + t**2 - t. Give z(k).
2
Suppose k = -5*q - 5, 3*k - 15 = 2*q + 21. Suppose 0 = -4*w + s - k, 2*w - 5*s = 4 - 18. Let n be 4 + (3 + w)*-7. Let x(h) = h**3 + 4*h**2 + 3*h + 3. Give x(n).
3
Let u(j) = -4*j**2 - j + 3. Let s(v) = -17*v**2 - 5*v + 14. Let r(l) = 2*s(l) - 9*u(l). Determine r(2).
7
Let o(m) be the third derivative of -m**4/24 + m**3/3 - 506*m**2. Give o(-3).
5
Let g(u) = -5*u + 2. Let v be (-4)/(-5) - (-15 - (-1513)/85). Give g(v).
12
Let t = -67 + 73. Suppose -t*o = 13 + 5. Let c(f) = -f**3 + 3*f**2 + f + 4. Let j(y) = -5*y**3 + 12*y**2 + 5*y + 17. Let l(b) = 9*c(b) - 2*j(b). Determine l(o).
5
Suppose -n + 2*n = -3*w + 72, 0 = 4*n. Suppose 4*s = w - 4. Suppose s*k - 5*p = -30, -5*k + 6 - 24 = -p. Let v(r) = -r**3 - 2*r**2 + 5*r + 4. What is v(k)?
-2
Let s(v) = v**3 + 7*v**2 - 6*v + 9. Suppose -2*c - 5*z + 0*z = 21, 0 = -3*z - 3. Determine s(c).
-7
Let y(v) = -4 - 16*v - 21*v - 3 - 19*v + 63*v - v**2. Suppose 4*l = -3*o + 23, -6 = -3*l + 3*o + 6. Give y(l).
3
Let x(h) = 2*h**3 - h**2 - 2*h. Let f be x(-1). Let w be (2*(f - 0))/(1/(-3)). Let d(q) = q - 3. Give d(w).
3
Let y(l) = -2*l**3 + 3*l**2 + 6*l + 15. Let j(k) = -5*k**3 + 7*k**2 + 15*k + 41. Let g(x) = 3*j(x) - 8*y(x). Suppose 2*a = -3*a + 10. What is g(a)?
-7
Let f(a) be the third derivative of -a**8/6720 - a**6/720 - 4*a**5/15 + 14*a**2. Let l(c) be the third derivative of f(c). Calculate l(-1).
-4
Let g(b) be the third derivative of b**6/120 - 11*b**5/60 + b**4/24 - 5*b**3/2 + b**2 + 5*b. Determine g(11).
-4
Let j(d) = 2*d + 2 - d + d. Let k = -41 + 13. Let q = k + 24. Give j(q).
-6
Let g(d) = d**2 - 2*d + 6. Let m(b) = -11*b - 336. Let r be m(-31). What is g(r)?
21
Let m(b) = -b**2 + 7*b - 8. Let t be 2568/(-39) + 8/(-52). Let u be (-2)/(-11) + (-384)/t. Determine m(u).
-2
Let s(g) = -g**3 + 3*g + 2. Let k be s(-2). Let q(w) = 0 + k - w**2 + w**3 + 0*w**2 + w. Let c be q(0). Let l(i) = i**3 - 5*i**2 + 5*i + 2. Calculate l(c).
6
Let o(y) = -y + 5. Let c be ((2 - -2) + -3)*1. Let g be -1 + (c - -1) + -19. Let k = -10 - g. What is o(k)?
-3
Let y = -12 + 11. Let h(n) = -5*n + 12. Let q(i) = -i. Let w(j) = y*h(j) + 4*q(j). Calculate w(0).
-12
Suppose 9*q + 10 = 4*q. Let b(f) be the third derivative of -7*f**4/24 + f**3/6 + 33*f**2. What is b(q)?
15
Let y(w) = -w - 14. Suppose 2*o - 3*r + 13 = 0, o - 7 + 24 = -2*r. Calculate y(o).
-3
Let b(s) = s**2 - s - 7. Let g(n) = -n**2 + 2*n + 6. Let j(i) = 5*b(i) + 6*g(i). Give j(7).
1
Let j(z) be the first derivative of z**3/3 - z - 8. Let o(u) be the first derivative of j(u). Determine o(5).
10
Let w(f) = f**2 - 5*f - 3. Suppose 0 = 2*u + 5*t - 30, 4*u + 2*t - 33 = -5. Give w(u).
-3
Let q(j) = -8*j**2 + j + 1. Let s = 415 - 416. Determine q(s).
-8
Let v(l) = -l + 1. Let i be v(-1). Suppose -4 = -4*m + i*m. Let b(k) = 3 + 3*k**m + 5*k - 9 + 0*k**2 - 4*k**2. Give b(4).
-2
Let z be 242/(-847) + 122/(-14). Let w(q) = 2*q + 14. Give w(z).
-4
Let j(s) = -s - 7. Let h be j(-5). Let k(z) = -5*z + 4*z**2 - 7*z**2 - 69 + z**2 + z + 66. Determine k(h).
-3
Let v(j) = 7*j**3 + 12*j + 20. Let c(f) = -13*f**3 - 22*f - 38. Let w(m) = 6*c(m) + 11*v(m). What is w(0)?
-8
Let h = 9 - 4. Let b(v) = 705*v - 49. Let q(o) = 113*o - 8. Let r(y) = 4*b(y) - 25*q(y). Determine r(h).
-21
Let k = -11 - -23. Suppose k = g + g. Let d(m) = -1442 - 3*m + 1448 + m. Determine d(g).
-6
Let y(f) be the second derivative of -f**5/10 + 5*f**4/12 + f**3 + 3*f**2/2 - 379*f. Calculate y(3).
12
Let j(t) = t**2 + 5*t + 4. Suppose 186 = -38*l - 4. Calculate j(l).
4
Suppose 3*p - 16 = -5*j - 5, -5*j - 2*p = -9. Let x(m) = 7*m**2 - m. Give x(j).
6
Let d be (-9)/6*(-40)/15. Let q(z) = z**2 - 2*z + 4. Give q(d).
12
Suppose -3*v = a + 2*a - 9, 4*v + 28 = 4*a. Suppose 0 = a*g - 2*k + 11, 2*k + 13 = -0*g - 3*g. Let z(b) = 2*b. Calculate z(g).
-6
Let n be (-3)/(-6) - 2/(-4). Let o be 5 - ((n - 1) + 3). Let b(a) = 1 - a - a**2 + a + 2*a**o - 5*a. Calculate b(5).
1
Let x(l) be the first derivative of -l**3/3 - l**2/2 + 67. What is x(2)?
-6
Let t(q) = 7*q + 18. Let a(r) be the third derivative of -r**4/12 - r**3 - 30*r**2. Let m(w) = -11*a(w) - 4*t(w). Calculate m(-5).
24
Suppose 0 = 3*z + 5*f + 12 + 22, -3*f = z + 18. Let g(l) = -l**2 + l + 1. Let v(n) = n**3 - 3*n + 1. Let j(x) = z*g(x) + v(x). Calculate j(-4).
6
Let h(f) = -109844*f**2 + f**3 - 21*f + 109851*f**2 + 4*f + 16. Give h(-9).
7
Let n be 0 - ((-35)/(-14))/((-15)/(-12)). Let x(v) = v - 1 + 5*v**2 - 6*v - 3*v**2. Let b(s) = -s**2 + 6*s + 2. Let p(m) = n*x(m) - 3*b(m). Give p(-5).
11
Let r(d) = -d**2 - 3*d + 5. Let l be 6/21 - 33/(-7). Suppose -u = l*q - 5*u + 37, 0 = -3*q - 2*u - 9. What is r(q)?
-5
Let l(i) = 2*i**2 + i + 4. Let f(q) = -11*q**2 - 2*q - 20. Let d(p) = -f(p) - 5*l(p). What is d(3)?
0
Let p(s) = -7*s**3 - 5*s**2 + 2*s + 8. Let i(c) = -5*c**3 - 5*c**2 + 2*c + 7. Let g(u) = 3*i(u) - 2*p(u). What is g(-4)?
-19
Let a(g) be the third derivative of 0 - 1/24*g**4 - 2*g**2 + 2/3*g**3 + 0*g. What is a(7)?
-3
Let h(b) = -b**3 - b**2 - 7. Let t be (40/(-8))/(2 - 3). Suppose -t*g = g. Calculate h(g).
-7
Let r be (-2 + 11 + 0)*(-4)/(-6). Let z be (-1 - (-3)/5)/(r/(-30)). Let j(n) = -n**3 + 2*n**2 + 2*n. Calculate j(z).
4
Let p = 14 + -19. Let f = 7 + p. Let v(m) = -59 - f*m + 64 + m. Determine v(-6).
11
Let s = -107 + 67. Let r be 32/10 + 8/s. Let k(f) = 6 - 6 + 2*f - r. Calculate k(4).
5
Let c(h) = -2*h - 2. Let m = -30 + 26. Let a(t) = t**2 - 7*t + 2. Let d be a(7). Let w = d + m. Give c(w).
2
Let n(r) = -r - 4 - 5 + 4 + 0. Give n(8).
-13
Let r(d) = -5*d**2 - d + 2. Suppose -5 - 4 = -6*i + j, 4*j + 10 = -2*i. What is r(i)?
-4
Let c = 6 + -4. Suppose -4*h + 16 = -2*f, 0 = 5*f - c*h + 3*h + 7. Let j(r) = -4*r**2 + r + 1. Give j(f).
-17
Let w(s) = -s**2 - 3*s + 2. Let l be w(-4). Let t(f) be the first derivative of -1/2*f**2 - 12 - 4*f. Determine t(l).
-2
Let h(k) = -k**3 - 4*k**2 + 4*k + 5. Let i(c) = -c**2 + 11*c + 4. Let d be i(11). Let m(p) = 3*p - 11 - d*p + 0. Let y be m(-7). What is h(y)?
-11
Let s(b) = 6*b**3 - 3*b**2 + b. Let u(a) = -7*a**3 + 4*a**2 - a + 1. Let z(o) = 3*s(o) + 2*u(o). Let j be z(-1). Let t(w) = w**2 + w + 2. What is t(j)?
14
Let s = -2557 - -2564. Let c(h) = -h**2 + 13*h - 22. Give c(s).
20
Suppose z + 6*l + 30 = 4*l, -z + 5*l + 5 = 0. Let a be ((-7)/(140/(-16)))/(8/z). Let f(i) = i**3 + i**2 + 2*i + 1. Determine f(a).
-7
Let v(u) = -u**2 + u - 2. Suppose -3*f = -s - 14 - 49, -3*s + 105 = 5*f. Let r be (14/f)/(2/6). What is v(r)?
-4
Let c(h) = -h**2 - h - 7. Suppose -4*v + 17 = -3. Suppose 2*i - 10 = -5*f, -v = -5*f - 4*i + i. Suppose -f*a = -a. Determine c(a).
-7
Let o(s) = -s + 2. Let f(p) = p**2 + 42*p - 2. Let x be f(-42). What is o(x)?
4
Let j(y) be the first derivative of -y**4/4 - 3*y**3 + 7*y**2/2 - 29*y + 761. What is j(-10)?
1
Let p(u) = -2*u**2 + 14*u - 14. Suppose -4*b = -2*v - 32, 5*b + 76 = -2*v + 98. What is p(b)?
-2
Let t(u) be the second derivative of -u**3/3 + 6*u**2 - 6*u. Let w be t(6). Let q(s) be the second derivative of -s**3/6 - 7*s**2/2 + s. Give q(w).
-7
Let v(q) = -q**2 + 11*q - 6. Let s be v(10). Let t(l) = -4 - s*l - 1 + 6*l. What is t(5)?
5
Let p(x) = -x - 2. Let m be p(-5). L